 9*s - 4*q. What is the tens digit of s?
8
Let i = 864 + -497. What is the tens digit of i?
6
Suppose 50*z - 157388 = 6*z. What is the units digit of z?
7
Let o(w) = 24*w**2 + 4*w + 5. Let y be o(-5). Suppose -9*f = -6*f + 3*j - y, -391 = -2*f - j. What is the hundreds digit of f?
1
Let g be (4 - 1) + (-3 - -4). Let v be 2/(-2*g)*-8. Suppose -v*q = 5*h - 41, q + q - 2*h - 76 = 0. What is the tens digit of q?
3
Suppose -2 = -5*j + 8. Suppose 0 = -j*x - 2*x + 40. Let q(l) = -l**2 + 11*l + 10. What is the tens digit of q(x)?
2
Let w be (-2)/3 - (-1623)/(-9). Let s = w - -281. What is the tens digit of s?
0
Suppose 1456 = n - o, -4*n + 5818 = -0*n - 2*o. What is the hundreds digit of n?
4
Suppose -2133 = 5*n - 14*n. What is the units digit of n?
7
Let v(n) = 6*n**2 - 7*n + 29. What is the thousands digit of v(15)?
1
Let h = 654 + -414. Suppose 9*k - 3*k = h. What is the units digit of k?
0
Let s = -309 + 556. Let n = s + -175. What is the tens digit of n?
7
Let d = -30 - -22. Let t be -2 + 9/((-36)/d). Suppose 6*u + u - 308 = t. What is the tens digit of u?
4
Let o = -2349 - -4109. What is the tens digit of o?
6
Let y = 16313 - 10974. What is the thousands digit of y?
5
Let i(o) = -3*o - 9. Let z be i(-4). Suppose j - 381 - 24 = -z*k, 3*k + 3*j = 411. What is the hundreds digit of k?
1
Let l(b) = -b**3 - 16*b**2 + 5*b - 16. Let d be l(-15). What is the tens digit of (6/(-6))/(2/d)*1?
5
What is the tens digit of (1 - 4) + 0 + -2 + 2594?
8
Let z be (1 - 3)*5/(-2). Suppose -z*f - m + 349 = 58, 0 = 5*f - 3*m - 307. What is the tens digit of f?
5
Let g = 4682 - 3083. What is the hundreds digit of g?
5
Let b be ((-2)/4 + 0)*-6. Suppose -8*m + 26 = -21*m. What is the units digit of 26 - m/(-6)*b?
5
Let m be 35/(-2)*(-8)/(-5). Let o = -4 - m. Suppose 5*y + o = 9*y. What is the units digit of y?
6
Suppose -2*r = r - 9, -2*j + 5*r = 247. Let a = -58 - j. What is the tens digit of a?
5
Let a(c) = 2*c**2 + 56*c - 538. What is the tens digit of a(13)?
2
Suppose 3*a - 5*i - 201 - 1662 = 0, 4*a + 2*i = 2510. What is the units digit of a?
6
Let p(m) = -m + 4. Let t be p(-1). Suppose 5*k = -5*j + 30, -32 = -4*k - t*j - 3. Let a(h) = 27*h - 1. What is the tens digit of a(k)?
2
What is the units digit of 2 + -6 + 15/((-30)/(-692))?
2
Let p = 18 - 31. Let q(i) = -2*i + 28. What is the tens digit of q(p)?
5
Suppose -5*a - 5*s = 8 - 38, 0 = -4*a - 5*s + 28. Suppose f + 525 = 7*d - a*d, -5*f = -d + 105. What is the units digit of d?
5
Let y(s) = 216*s - 16. What is the units digit of y(4)?
8
Let u be 2 + -1 - 4/4. Suppose u = -4*v - v + 15. Suppose 2*l = l + 3*d + 28, -4*d = -v*l + 109. What is the tens digit of l?
4
Let s = -150 + 158. Suppose -2*u = s*r - 4*r - 344, -3*r = -4*u + 644. What is the units digit of u?
4
Let d(c) be the second derivative of -1/6*c**3 - 1/4*c**4 - 1/10*c**5 + 0 + 8*c - 3/2*c**2. What is the tens digit of d(-3)?
2
Let c be 2 + (2 - (-1)/1). Suppose 0 = -2*x + 56 - 4. Suppose -c*g + 49 = -x. What is the tens digit of g?
1
Let j be (-62)/(0 - 2/6). Suppose 2*w + 5 = -1, w = 3*p - j. Suppose -4*u + p = -3. What is the units digit of u?
6
Let o(b) = 13*b**2 + 6*b + 3. Let s be o(-2). Suppose -s = -3*j + 47. What is the units digit of j?
0
Suppose -7*w - 144 = -9*w. Suppose -w = -2*s + 52. What is the units digit of s?
2
Let m = 8 - 6. Let v(b) = 13 - 2*b**2 + 3*b**2 - 13*b + 0*b**m. What is the units digit of v(12)?
1
Let p(c) = c**3 + c**2 - 15. Let z be p(0). Let w = -15 - z. Suppose 105 = 2*j + l, -3*j = -w*l - l - 145. What is the units digit of j?
0
Let j = 26 - 15. Suppose 0*c = 2*h + 2*c + 10, -3*h - 2*c - j = 0. What is the tens digit of 26*h/(-6)*3?
1
Suppose -687 + 2947 = 20*h. What is the units digit of h?
3
Let o = -1815 + 2722. What is the hundreds digit of o?
9
Let x be (-2)/6 + 2/(-3). What is the tens digit of -51*(-5 - (-5 - x))?
5
Let w(v) = v**3 + 3*v**2 + 2. Suppose -4*f + m = 4, -2 = -5*f - 2*m + 6. Suppose 4*t = 8, f*t = 2*l - 5*t + 16. What is the units digit of w(l)?
2
Let q = -1828 + 1824. Let a(s) be the second derivative of -2*s**3 - 5*s**2 - s. What is the units digit of a(q)?
8
Let o be (-6*515)/(-3 + 1). Suppose 11 = 5*r + 3*h - o, r - 316 = -3*h. What is the hundreds digit of r?
3
Suppose 9*g + 4029 = 12*g. What is the tens digit of g?
4
Suppose -a + 200 = 3*a. What is the units digit of (a + -3 - -2) + -1?
8
Let k(m) = m**2 - 14*m + 5. Let r be k(14). Let c(h) = 8*h + 15. What is the tens digit of c(r)?
5
Suppose -100 = -0*a - 5*a - 4*j, -5*a + 2*j + 70 = 0. Suppose -3*c - p + 20 = 0, -a = 2*c - 5*c - 2*p. What is the units digit of c?
8
Suppose 3*w - 7810 = -344*r + 349*r, 7790 = 3*w - r. What is the units digit of w?
5
Let a(z) = -34*z**3 + 2*z + 4. Let d(s) = 69*s**3 - 5*s - 9. Let k(w) = -14*a(w) - 6*d(w). What is the tens digit of k(1)?
6
Suppose -1 - 5 = 3*x + 3*c, 0 = 3*x - 2*c - 19. Suppose 0*m + 15 = -x*m. What is the units digit of (-38)/m - (-2)/5?
8
Let b(a) = 14*a**3 + 2*a**2 - 3*a + 40. What is the units digit of b(6)?
8
Suppose -2*r + z = 6*z - 1163, r = 5*z + 619. What is the units digit of r?
4
Let o be ((-15)/(-9))/(5/6). What is the units digit of -13*(1 - o)*7/1?
1
Suppose 0 = -299*j + 298*j + 1438. What is the units digit of j?
8
Suppose -2*o + 5*a = -1226, 0 = -12*a + 7*a - 20. What is the tens digit of o?
0
What is the units digit of (-60)/260 - 68610/(-39)?
9
Suppose 2*b - 311 + 313 = 0. Let c = -5 - -10. What is the tens digit of 26 - (c + b)/(-1)?
3
What is the tens digit of (6 - 7)/(1/(-1206 - 1))?
0
Let f be (5 + -5 + -1)*0. Suppose f = -9*h + h + 1640. What is the hundreds digit of h?
2
Let u = -3811 + 6748. What is the tens digit of u?
3
Suppose 0 = j - 2, -3*j - 240 = -2*r - 5*j. Suppose -2*d + 4*b = -3*d + r, 5*d = -b + 609. What is the hundreds digit of d?
1
Let v be (-4)/12*(-1 - -1). Let b = 3 - v. Suppose b*o + 0 - 90 = 0. What is the units digit of o?
0
Suppose -66*n + 104117 = 32375. What is the tens digit of n?
8
Suppose -r + 2647 = -797. What is the hundreds digit of r?
4
Let s = 13 - -2. Let x = 8 + s. What is the units digit of x?
3
Suppose -6 = 4*x - 94. Suppose -2*w = -3*k - 9, 3*k = -2*w - 2*k + 49. Let v = w + x. What is the units digit of v?
4
Suppose -2*c - 12 = -12. Suppose -16 + c = -2*n. What is the units digit of n?
8
Suppose 4*x = 5*p - 6350, -5*x + 1294 = p - 5. What is the units digit of p?
4
Let z = 592 + -372. What is the tens digit of z/30*(-6)/(-4)?
1
Suppose 5*a - 3*y + 4*y = 466, 0 = -2*y + 2. Let d = a - 82. What is the units digit of d?
1
Let a = 22 - 17. Suppose 0 = -4*c + 20, -a*j + 4*c + 35 = -220. What is the tens digit of j?
5
Let y be 2*14/(-4)*1. Let t be (-1 - y) + (-4 - -4). Let v(h) = -h**3 + 5*h**2 + 5*h + 8. What is the units digit of v(t)?
2
What is the units digit of 5*(-12)/10 - -2282?
6
Suppose -5*o = -5, -3*i - 11*o + 14*o = -4770. What is the hundreds digit of i?
5
What is the tens digit of (-105194)/(-27) + (-176)/2376?
9
Let o(x) = 5*x - 40. Suppose -2*s = -3*j + 6*j - 38, -s - 2*j = -17. Let c(y) = y - 10. Let u(k) = s*c(k) - 6*o(k). What is the tens digit of u(-6)?
2
Let w(t) = 165*t + 30. Let x be w(-9). What is the units digit of (-9)/(-12) - x/12?
2
Let j be (-234)/(-57) - 6/57. Suppose 261 = j*c - 5*b, -4*c + 2*b + 218 = -40. What is the tens digit of c?
6
Let l = -1066 + 1472. What is the tens digit of l?
0
Suppose -1076 = 3*n - 7*n. Suppose -3*d = 4*a - n, 273 = 4*a + d - 2*d. What is the units digit of (1 + 0)/(4/a)?
7
Suppose -5*h = o - 170, 0 - 2 = -h. Suppose -17 = -n + 3. Suppose -5*v - n + o = 0. What is the units digit of v?
8
Let q = 1 - -8. What is the tens digit of 426/q*(-15)/(-10)?
7
Let y(f) = -f**3 - 3 + 11*f + 7 - 4*f - 9*f**2. Let k = -204 + 194. What is the tens digit of y(k)?
3
What is the units digit of 958/16 + 1 + 84/672?
1
Suppose 3*l = -2*r + 2135, -3*r = -12*l + 7*l + 3590. What is the units digit of l?
5
Let r = 391 - 253. What is the hundreds digit of r?
1
Let q(i) = -72*i + 220. What is the units digit of q(-28)?
6
What is the hundreds digit of ((-37)/2)/((-30)/240)?
1
Suppose 1 = 3*o + w - 7, -20 = -4*o + w. Suppose 3*g + o*f = -f + 71, -5*g + 111 = f. What is the tens digit of g?
2
Let h be (15/(-9))/(4/(-12)). Suppose -6 = -h*j + 24. Suppose 4*a = 2*x - 18, -j = -4*a + 2. What is the units 